 63 and c.
9
Suppose 138*o = 127*o - 396. Let a(k) = -k**3 - 37*k**2 - 36*k + 6. Let w be a(o). Calculate the greatest common factor of w and 96.
6
Suppose 21 = 3*y - 2*a, -5*y + 5*a - 2*a = -34. Suppose 0 = y*b - 21 - 19. Let u = b + 22. What is the highest common factor of 40 and u?
10
Let q = 4867 + -4866. Calculate the greatest common divisor of q and 85.
1
Let q(v) = 870*v + 681. Let n be q(12). What is the highest common factor of 33 and n?
33
Let l = 16256 - 15388. Calculate the greatest common factor of 20 and l.
4
Suppose 4*n + 11*c - 6*c = 2239, -4*n + 2*c + 2246 = 0. Suppose -n = -19*g + 579. What is the greatest common divisor of g and 120?
60
Suppose -5*b = -x + 483, 3*b = 4*b. Let o = 853 - x. What is the highest common factor of 10 and o?
10
Suppose -4*k + 10*d + 4 = 8*d, 4*k = 3*d. Let f(o) = 6*o + 3. Let c be f(3). Calculate the highest common factor of c and k.
3
Let l be ((-12)/(-20))/((-6)/(-2940)). Let y = l - 270. What is the greatest common factor of 72 and y?
24
Let l(y) = 21*y**2 + 5*y - 5. Let u be l(-4). Let a = -295 + u. What is the highest common factor of a and 48?
16
Let a = 825 + -447. Let d = 392 - a. What is the greatest common divisor of 56 and d?
14
Suppose -135 = -7*s + 33. Suppose -21*l - 495 = -s*l. Suppose -55 = -m + 3*x, -m - 2*m + l = 3*x. What is the highest common divisor of m and 5?
5
Let o = 5885 + -5878. Calculate the highest common divisor of o and 6209.
7
Suppose 10 = 2*c - 3*n, -5*n - 6 = 2*c - 4*n. Let u be ((-6)/(-3)*c)/((-2)/6). Let f be (-56)/(-3)*u/4. Calculate the greatest common factor of 196 and f.
28
Let l = 45 - 18. Let m be ((-51)/6 - -1)/(5/(-90)). Calculate the highest common factor of l and m.
27
Suppose -3*q + 3*m + 30 = 0, 2*q - 32 = -3*m + 3. Let b be (-14)/56 - q/(-4). What is the highest common factor of b and 21?
3
Let f = 327 - 192. Let c be (3 - 1)/((-4)/(-30)). What is the highest common factor of f and c?
15
Let c(w) = 17*w + 696. Let h be c(4). What is the greatest common divisor of h and 20?
4
Suppose -163*o + 12384 = 2604. What is the highest common factor of o and 33390?
30
Let j be (6/9)/((-3)/(-9)). Let h(p) = p**3 + 4*p**2 + 6*p + 5. Let b be 6/(-2)*((-100)/15)/(-10). Let v be h(b). What is the greatest common factor of v and j?
1
Let i = 444 + -463. Let d(z) be the first derivative of -z**4/4 - 20*z**3/3 - 9*z**2 + 22*z - 2. Let s be d(i). What is the highest common factor of 51 and s?
3
Suppose 46*b + 2*b - 35088 = -3*b. Calculate the greatest common factor of 3053 and b.
43
Suppose 24*g - 95 = 19*g. Suppose -3*p + 23 + g = 0. What is the greatest common factor of p and 10?
2
Suppose -5*m = -9*m + 24. Suppose x + 3 = -m. Let n(k) = -k**3 - 10*k**2 - 10*k + 3. Let b be n(x). What is the greatest common divisor of b and 132?
12
Let r = 7994 + -6707. What is the greatest common factor of 936 and r?
117
Suppose 4419 = 5*d + o + o, -5*d = -3*o - 4434. Suppose -n - 1715 - 1855 = 4*i, 4*n = -i - d. Let x = i + 1267. What is the highest common divisor of 34 and x?
34
Let o = -3 - -12. Suppose -z = -4*z + o. Let u(k) = 3*k + 33. Let t be u(-2). Calculate the greatest common factor of t and z.
3
Let t = 537 + -507. Let f(d) = -71*d + 10. Let u be f(-10). Suppose q + 2*q = u. What is the highest common factor of t and q?
30
Suppose 0 = -11*v + 400 - 81. Suppose 3*k = 5*b - 493, -v*k - 198 = -2*b - 27*k. Calculate the highest common factor of b and 98.
98
Suppose -5*a + 5 = -14*c + 17*c, -12 = -4*c - 4*a. Suppose c*d - 114 - 306 = 0. What is the greatest common divisor of d and 28?
28
Let s be -3*(450/(-3))/(-21 + 23). What is the highest common factor of 9 and s?
9
Let a(n) = n**2 + 30*n + 124. Let j be a(-20). Let f be (39/(-12))/(19/j). Calculate the highest common factor of f and 52.
13
Let p(s) = 2*s + 115. Let f be p(-12). What is the greatest common divisor of 6461 and f?
91
Let b(h) = 165*h - 1638. Let i be b(10). Calculate the highest common factor of i and 2124.
12
Suppose -5*g + 31 = 3*h, -g = -h - 1 - 2. Let a be (-2)/(-4 + h)*(-3 - -6). What is the highest common divisor of 1 and a?
1
Let o be 7 - (38/(-76) + 858/(-4)). What is the greatest common divisor of 30414 and o?
222
Let k be (2 - 5)/(77/(-42) - -2). Let f = 78 + k. What is the highest common divisor of f and 20?
20
Let b = -9179 + 14239. Suppose -560 = 25*q - b. What is the greatest common factor of q and 225?
45
Let a be (8/3 - 2) + 26/(-3). Let s = a - -11. Suppose 5*r - 3*n = 87, 0 = -n - s*n + 4. What is the greatest common divisor of 2 and r?
2
Suppose -f - 1 = 5*z - 3*z, 5*f - 4 = -z. Let x be z*-2*(50/4 + -4). Calculate the highest common divisor of 1 and x.
1
Suppose -1194 - 104 = -2*h. Suppose 10*z = -h - 561. Let k = z - -211. Calculate the greatest common factor of k and 30.
30
Suppose 24*m = 20*m + 2*u + 124, -m - 3*u + 17 = 0. Suppose -3*y + 68 = -280. Calculate the greatest common divisor of y and m.
29
Let d = -476 + 436. Let o = d - -53. Calculate the greatest common factor of 2 and o.
1
Let c(u) = -u**3 + 14*u**2 - 39*u + 127. Let o be c(11). Let d = 1794 - 1245. Calculate the highest common divisor of d and o.
61
Let i(g) = 550*g - 1633. Let n be i(3). Suppose 2*h - 5*h + 1275 = -3*x, -3*x = -4*h + 1700. Calculate the highest common divisor of h and n.
17
Let h(y) = 2*y**2 - 13*y - 5. Let z be h(7). Suppose z*p - 3*p - 14 = 0. Let c(t) = -2*t - 24. Let s be c(p). What is the highest common factor of 4 and s?
4
Let n be (-7)/(-105)*3*95. What is the highest common divisor of n and 11134?
19
Let k = 1631 + -1414. What is the highest common factor of 527 and k?
31
Let a be (-2)/(7 - ((-4040)/(-336) - 5)). What is the highest common factor of 364 and a?
28
Suppose -7*k + 46 = -17. Suppose t - 2*t = 2*z - k, 3*t = z - 1. Suppose -w = -3*f + z, 0*f = w + 3*f - 14. What is the greatest common factor of 5 and w?
5
Let d be 10 + (-4)/1 + 3. Let g(j) = 53*j - 315. Let x be g(6). Calculate the greatest common factor of x and d.
3
Suppose -4*d - 239 = -751. Suppose d = 6*s + 2. Calculate the greatest common factor of s and 21.
21
Suppose -4452 = -222*m + 173*m + 8288. What is the greatest common divisor of 988 and m?
52
Let d(q) = -q**3 - 45*q**2 - 268*q + 51. Let m be d(-38). What is the greatest common factor of m and 635?
127
Suppose 0 = 38*w - 42*w + 2*a + 120, -w + a = -32. Calculate the highest common factor of 2492 and w.
28
Let g be 222/(-20)*(-65)/26 - (-19)/76. What is the highest common divisor of 42 and g?
14
Let k = -904 + 926. Calculate the greatest common factor of k and 1518.
22
Suppose 745 = 5*s - 5*i, 3*s - 615 = i - 172. Let u = -111 + s. Calculate the highest common divisor of u and 42.
6
Suppose 10*l - 15*l = -25. Suppose 3*z + 2*k = -2*k + 18, z + 5*k + l = 0. Suppose -4*h + 5*h = z. Calculate the highest common divisor of h and 10.
10
Suppose -251*n + 653 = 2*h - 250*n, -4*n + 12 = 0. Suppose -2 + 52 = 2*g. Calculate the highest common divisor of g and h.
25
Suppose -26 = -6*a - 116. Let q be 5/(a/(-543)) + 5. What is the highest common divisor of 6 and q?
6
Let y be (-6 + 10 + 4 + -11)*-12. Calculate the greatest common divisor of 2916 and y.
36
Let y(r) = 1248*r**2 - 409*r - 409. Let f be y(-1). What is the highest common divisor of f and 480?
96
Let z = -77 + 75. Let b(t) = -4*t**3 + t**2 - 2*t. Let a be b(z). Suppose a + 4 = y. Calculate the greatest common divisor of y and 110.
22
Suppose 167*w - 176*w - 54 = 0. Let n be 10/35 + w*228/(-14). Calculate the highest common factor of n and 126.
14
Suppose -52 - 38 = -5*q. Suppose -1405 = 3*u - d, -4*d + 1417 = -6*u + 3*u. Let x = 665 + u. Calculate the greatest common divisor of x and q.
18
Let i = -160 - -165. Suppose 246 = i*g + d - 5*d, -d = g - 51. Let p be 1*4/(8/50). What is the highest common divisor of g and p?
25
Suppose -58*n + 57*n + 2*h + 57 = 0, -3*h = -3*n + 195. Calculate the highest common divisor of 26937 and n.
73
Let w = 23 - -24. Suppose 51*b - 60 = w*b. Let c be (126/35)/(1/b). What is the greatest common factor of c and 432?
54
Let o(q) = 5*q**3 + 456*q**2 + 84*q - 594. Let y be o(-91). Suppose -2*p = -0*p - 2666. Calculate the greatest common factor of p and y.
43
Let o = 16 - 4. Let j be ((-996)/24 - 6)/((-2)/o). Calculate the highest common divisor of 57 and j.
57
Let t be 26/(-13) - -14*1. Su